{"id":227,"date":"2009-03-15T20:57:12","date_gmt":"2009-03-16T01:57:12","guid":{"rendered":"http:\/\/ivancaballeroc.com\/web\/?page_id=227"},"modified":"2025-02-26T15:25:39","modified_gmt":"2025-02-26T20:25:39","slug":"quien-soy","status":"publish","type":"page","link":"https:\/\/ivancaballeroc.com\/?page_id=227","title":{"rendered":"Quien Soy"},"content":{"rendered":"<p>[vc_row css_animation=&#8221;&#8221; row_type=&#8221;row&#8221; use_row_as_full_screen_section=&#8221;no&#8221; type=&#8221;full_width&#8221; angled_section=&#8221;no&#8221; text_align=&#8221;left&#8221; background_image_as_pattern=&#8221;without_pattern&#8221;][vc_column][vc_row_inner row_type=&#8221;row&#8221; type=&#8221;full_width&#8221; text_align=&#8221;left&#8221; css_animation=&#8221;&#8221;][vc_column_inner width=&#8221;1\/2&#8243;][vc_column_text]<\/p>\n<h4><strong>Datos Personales<\/strong><\/h4>\n<p><strong>Nombre: <\/strong>Iv\u00e1n<br \/>\n<strong>Apellidos: <\/strong>Caballero Caballero.<br \/>\n<strong>Lugar de Nacimiento: <\/strong>Pivijay \u2013 Magdalena.<br \/>\n<strong>Email: <\/strong><a href=\"mailto:ivancaballero3@hotmail.com\">ivancaballero3@hotmail.com<\/a><br \/>\n<strong>Direcci\u00f3n Consultorio:\u00a0<\/strong><b>Cl\u00ednica Porto Azul\u00a0<\/b><br \/>\nCarrera 30 Corredor Universitario No 1 \u2013 850 Puerto Colombia, Atl\u00e1ntico.<br \/>\nConsultorio <strong>No. 617<br \/>\n<\/strong><br \/>\n<strong>Celular Citas: 301 5299931<br \/>\n<\/strong><strong>Tel\u00e9fonos Cons.:<\/strong>PBX: 57 (5) 3672667<br \/>\n<strong>M\u00f3vil:<\/strong>300 o 310 6303903.[\/vc_column_text][\/vc_column_inner][vc_column_inner width=&#8221;1\/2&#8243;][vc_single_image image=&#8221;3940&#8243; img_size=&#8221;full&#8221; alignment=&#8221;center&#8221; qode_css_animation=&#8221;element_from_left&#8221;][\/vc_column_inner][\/vc_row_inner][vc_column_text]<\/p>\n<h4><strong><br \/>\nEstudios Realizados (Universitarios)<\/strong><\/h4>\n<p><strong>Instituci\u00f3n: <\/strong>Universidad del Norte<br \/>\n<strong>Fecha:<\/strong>1984 &#8211; 1991<br \/>\n<strong>Lugar:<\/strong>Barranquilla &#8211; Colombia<br \/>\n<strong>Titulo Obtenido: <\/strong>M\u00e9dico Cirujano<\/p>\n<h4><strong>Estudios Realizados (Post-Grado)<\/strong><\/h4>\n<p><strong>Instituci\u00f3n: <\/strong>Universidad Federal Fluminense.<br \/>\n<strong>Fecha:<\/strong>Marzo 1998 \u2013 Marzo 2001.<br \/>\n<strong>Lugar:<\/strong>R\u00edo de Janeiro \u2013 Brasil.<br \/>\n<strong>Sede:<\/strong>Hospital Antonio Pedro.<\/p>\n<h4><strong>Cursos de Post-Grado Realizados (Fellow)<\/strong><\/h4>\n<p><strong>Instituci\u00f3n: <\/strong>Centro de Estudios Ivo Pitanguy.<br \/>\n<strong>Fecha: <\/strong>Mayo a junio 2001. Cirujano asistente.<br \/>\n<strong>Lugar: <\/strong>R\u00edo de Janeiro- Brasil.<br \/>\n<strong>Profesor: <\/strong>Dr. Ivo Pitanguy.<\/p>\n<p>&nbsp;<\/p>\n<h4><strong>Cursos de Post-Grado Realizados (Fellow)<\/strong><\/h4>\n<p><strong>Instituci\u00f3n: <\/strong>Cl\u00ednica Fluminense.<br \/>\n<strong>Fecha:<\/strong>Junio a Agosto 2001. Cirujano Asistente.<br \/>\n<strong>Lugar:<\/strong>R\u00edo de Janeiro- Brasil.<br \/>\n<strong>Profesor:<\/strong>Ronaldo Pontes, Liacyr Ribeiro y Ramil Sinder.<\/p>\n<h4><strong>ICFES<\/strong><\/h4>\n<p align=\"justify\">Convalidaci\u00f3n del titulo de Especialista en Cirug\u00eda Pl\u00e1stica, Est\u00e9tica, Reconstructiva y de la Mano. Resoluci\u00f3n # 000045 de 11 de Enero 2002, de acuerdo con la ley 30 de 1992.<\/p>\n<h4><strong>Seminarios<\/strong><\/h4>\n<ul>\n<li>1. Curso de Traumatolog\u00eda Facial. Centro de Estudios Hospital de Ipanema. RJ-Brasil. 1 de Marzo de 1994 a 2 de Agosto de 1994.<\/li>\n<li>2. Curso integrado de la sociedad Brasilera de Cirug\u00eda Pl\u00e1stica. RJ \u2013 Brasil. Marzo 1 de 1994 a Octubre 1 de 1995.<\/li>\n<li>3. XIV Jornada Carioca de cirug\u00eda Est\u00e9tica. RJ \u2013 Brasil. 10 \u2013 12 Agosto 1995.<\/li>\n<li>4. Curso de Urgencias en Cirug\u00eda Pl\u00e1stica. Colegio Brasilero de Cirujanos. RJ \u2013 Brasil. 1 de Junio 1996.<\/li>\n<li>5. Curso de actualizaci\u00f3n en Rinoplastia. Academia Nacional de Medicina. Coordinador Prof. Dr. Ivo Pitanguy. RJ-Brasil. 8 &#8211; 24 Julio 1996.<\/li>\n<li>6. Curso Integrado de los Servicios Reconocidos por la Sociedad Brasilera de Cirug\u00eda Pl\u00e1stica y Reconstructiva. RJ &#8211; Brasil. Marzo 1 a Octubre de 1996.<\/li>\n<li>7. XVII Jornada Carioca de Cirug\u00eda Pl\u00e1stica. RJ \u2013 Brasil. 6 \u2013 8 Agosto 1998.<\/li>\n<li>8. Workshop Te\u00f3rico \u2013 Pr\u00e1ctico sobre Implantes Faciales. RJ \u2013 Brasil. 10 Octubre 1998.<\/li>\n<li>9. Workshop Te\u00f3rico \u2013 Pr\u00e1ctico sobre Mesoterapia Homeop\u00e1tica. RJ \u2013 Brasil. 10 de Octubre 1998.<\/li>\n<li>10. II Simposio de la Sociedad Brasilera de Quemaduras. RJ \u2013 Brasil. 30 y 31 de octubre 1998.<\/li>\n<li>11. XVIII Jornada Carioca de Cirug\u00eda Pl\u00e1stica. RJ \u2013 Brasil. 5 \u2013 7 Agosto de 1999.<\/li>\n<li>12. XXXVI Congreso Brasilero de Cirug\u00eda Pl\u00e1stica. RJ- Brasil. 13 &#8211; 16 Noviembre de 1999.<\/li>\n<li>13. Curso Integrado de los Servicios Reconocidos por la Sociedad Brasilera de Cirug\u00eda Pl\u00e1stica y Reconstructiva. RJ \u2013 Brasil. Marzo \u2013 Noviembre de 1999.<\/li>\n<li>14. XX Jornada Carioca de Cirug\u00eda Pl\u00e1stica. RJ \u2013 Brasil. 2 \u2013 5 Agosto de 2001.<\/li>\n<li>15. Curso de Posgraduacion \u2013 The ISAPS Carioca Course. RJ \u2013 Brasil. 4 \u2013 5 Agosto de 2001.<\/li>\n<li>16. V Symposium \u201cNuevos Horizontes en Cirug\u00eda Est\u00e9tica \u201c. Bogota. 1 -2 Marzo de 2002.<\/li>\n<li>17. Curso Internacional de Cirug\u00eda Est\u00e9tica. Barranquilla, 4 -7 Septiembre de 2002.<\/li>\n<li>18. IV Congreso Internacional de Medicina Est\u00e9tica y Cosmetolog\u00eda. 5 \u2013 7 Abril de 2003.<\/li>\n<li>19. Congreso Latinoamericano de Quemaduras. Cartagena, 14 \u2013 17 Mayo de 2003.<\/li>\n<li>20. XXIX Congreso de la Sociedad Colombiana de Cirug\u00eda Pl\u00e1stica. 9 \u2013 12 Octubre de 2003.<\/li>\n<li>21. II Simposio Colombo \u2013 Paname\u00f1o de avances en Cirug\u00eda Est\u00e9tica. Panam\u00e1, 11 \u2013 13 Marzo de 2004.<\/li>\n<li>22. XXX Congreso Nacional de la Sociedad Colombiana de Cirug\u00eda Pl\u00e1stica. 27 &#8211; 31 Marzo de 2005.<\/li>\n<li>23. IV Congreso Regional Bolivariano de la FILACP. Cartagena, 27 \u2013 31 Marzo de 2005.<\/li>\n<li>24. XIV Curso Internacional de Cirug\u00eda Est\u00e9tica. Medell\u00edn, 13 \u2013 17 Mayo de 2006.<\/li>\n<li>25. V Congreso Regional Bolivariano de Cirug\u00eda Pl\u00e1stica, Isla margarita, 2-5 Mayo de 2007.<\/li>\n<li>26. XXXI Congreso Nacional de la Sociedad Colombiana de Cirug\u00eda Pl\u00e1stica, Est\u00e9tica, Maxilofacial y de la Mano, Pereira 16-20 de Mayo del 2007.<\/li>\n<\/ul>\n<h4><strong>Trabajos Presentados<\/strong><\/h4>\n<ul>\n<li>1. Utilizaci\u00f3n del Colgajo del M\u00fasculo Braquioradial para Tratamiento de Herida Compleja. XXII Jornada Cient\u00edfica de la Facultad de Medicina de la Universidad Federal Fluminense. RJ &#8211; Brasil. 31 Octubre de 1998.<\/li>\n<li>2. N\u00f3dulos Reumatoides Exuberantes. Presentaci\u00f3n de Casos. XXII Jornada Cient\u00edfica de la Facultad de Medicina de la Universidad Federal Fluminense. RJ &#8211; Brasil. 31 Octubre de 1998.<\/li>\n<li>3. Otopl\u00e1stia por la T\u00e9cnica de Converse. An\u00e1lisis de resultados. XXII Jornada Cient\u00edfica de la Facultad de Medicina de la Universidad Federal Fluminense. RJ -Brasil. 31 Octubre de 1998.<\/li>\n<li>4. Potencial Mutilante de los Tumores de Ala Nasal. Presentaci\u00f3n de casos Cl\u00ednicos. XXII Jornada Cient\u00edfica de la Facultad de Medicina de la Universidad Federal Fluminense. RJ &#8211; Brasil. 31 Octubre de 1998.<\/li>\n<li>5. Mentopl\u00e1stia de Aumento con Pr\u00f3tesis de Silicona. Discusi\u00f3n de Casos. XXII Jornada Cient\u00edfica de la Facultad de Medicina de la Universidad Federal Fluminense. RJ &#8211; Brasil. 31 Octubre de 1998.<\/li>\n<li>6. Mamopl\u00e1stia Reductora con Ped\u00edculo Inferior. Estudio Comparativo. XXII Jornada Cient\u00edfica de la Facultad de Medicina de la Universidad Federal Fluminense. RJ -Brasil. 31 Octubre de 1998.<\/li>\n<li>7. Tratamiento Cosmetologico en el Pre y post Operatorio de Mamoplastia de Aumento. Congreso Internacional de Medicina Est\u00e9tica y Cosmetolog\u00eda. Barranquilla, 5 \u2013 7 Abril de 2003.<\/li>\n<li>8. Tratamiento del Hemangioma Cavernoso con uso de Escleroterapia. Congreso Nacional de la Sociedad Colombiana de Cirug\u00eda Pl\u00e1stica. Bucaramanga, 9 \u2013 12 Octubre de 2003.<br \/>\n<a href=\"http:\/\/localhost\/ivancaballero\/hemangiomas.pdf\">&lt;&lt; Ver art\u00edculo &gt;&gt;<\/a><\/li>\n<\/ul>\n<h4><strong>Experiencia como Docente<\/strong><\/h4>\n<ul>\n<li>1. Coordinador del Servicio de Cirug\u00eda Pl\u00e1stica de la Cl\u00ednica Reina Catalina. Barranquilla, Enero 2003 \u2013 Diciembre 2005.<\/li>\n<li>2. Docente de los alumnos de X Semestre de Medicina y M\u00e9dicos del a\u00f1o, internado Rotatorio de la Universidad San Mart\u00edn. Barranquilla, Junio 2005 \u2013 Junio 2006.<\/li>\n<li>3. Coordinador del Servicio de Cirug\u00eda Pl\u00e1stica del Instituto de Seguros Sociales UPI &#8211; Andes. Barranquilla, Febrero 2005 \u2013 Julio 2006.<\/li>\n<\/ul>\n<p>&nbsp;<\/p>\n<h4><strong>Publicaciones<\/strong><\/h4>\n<p>Tratamiento de los Hemangiomas Cavernosos mediante uso de Escleroterapia. Revista Colombiana de Cirug\u00eda Pl\u00e1stica y Reconstructiva. Volumen # Falta fecha anexar articulo para visualizar.<\/p>\n<h4><strong>Reconocimientos<\/strong><\/h4>\n<ul>\n<li><strong>Constancia<\/strong> recibida por el buen desempe\u00f1o como Coordinador de Residentes del Servicio de Cirug\u00eda Pl\u00e1stica del Hospital Antonio Pedro. RJ \u2013 Brasil.<\/li>\n<li><strong>Constancia<\/strong> de Aceptaci\u00f3n por parte de la Sociedad Colombiana de Cirug\u00eda pl\u00e1stica, Est\u00e9tica, M\u00e1xilo &#8211; facial y de la Mano, como MIEMBRO DE N\u00daMERO. Fecha 8 de Octubre de 2003.<\/li>\n<\/ul>\n<p>[\/vc_column_text][vc_separator type=&#8221;normal&#8221; up=&#8221;100&#8243;][\/vc_column][\/vc_row]<\/p>\n","protected":false},"excerpt":{"rendered":"<p>[vc_row css_animation=&#8221;&#8221; row_type=&#8221;row&#8221; use_row_as_full_screen_section=&#8221;no&#8221; type=&#8221;full_width&#8221; angled_section=&#8221;no&#8221; text_align=&#8221;left&#8221; background_image_as_pattern=&#8221;without_pattern&#8221;][vc_column][vc_row_inner row_type=&#8221;row&#8221; type=&#8221;full_width&#8221; text_align=&#8221;left&#8221; css_animation=&#8221;&#8221;][vc_column_inner width=&#8221;1\/2&#8243;][vc_column_text] Datos Personales Nombre: Iv\u00e1n Apellidos: Caballero Caballero. Lugar de Nacimiento: Pivijay \u2013 Magdalena. Email: ivancaballero3@hotmail.com Direcci\u00f3n Consultorio:\u00a0Cl\u00ednica Porto Azul\u00a0 Carrera 30 Corredor Universitario No 1 \u2013 850 Puerto Colombia, Atl\u00e1ntico. Consultorio No&#8230;.<\/p>\n","protected":false},"author":1,"featured_media":0,"parent":0,"menu_order":0,"comment_status":"open","ping_status":"open","template":"","meta":{"footnotes":""},"class_list":["post-227","page","type-page","status-publish","hentry"],"_links":{"self":[{"href":"https:\/\/ivancaballeroc.com\/index.php?rest_route=\/wp\/v2\/pages\/227","targetHints":{"allow":["GET"]}}],"collection":[{"href":"https:\/\/ivancaballeroc.com\/index.php?rest_route=\/wp\/v2\/pages"}],"about":[{"href":"https:\/\/ivancaballeroc.com\/index.php?rest_route=\/wp\/v2\/types\/page"}],"author":[{"embeddable":true,"href":"https:\/\/ivancaballeroc.com\/index.php?rest_route=\/wp\/v2\/users\/1"}],"replies":[{"embeddable":true,"href":"https:\/\/ivancaballeroc.com\/index.php?rest_route=%2Fwp%2Fv2%2Fcomments&post=227"}],"version-history":[{"count":2,"href":"https:\/\/ivancaballeroc.com\/index.php?rest_route=\/wp\/v2\/pages\/227\/revisions"}],"predecessor-version":[{"id":3941,"href":"https:\/\/ivancaballeroc.com\/index.php?rest_route=\/wp\/v2\/pages\/227\/revisions\/3941"}],"wp:attachment":[{"href":"https:\/\/ivancaballeroc.com\/index.php?rest_route=%2Fwp%2Fv2%2Fmedia&parent=227"}],"curies":[{"name":"wp","href":"https:\/\/api.w.org\/{rel}","templated":true}]}}